{"id":14,"date":"2025-01-02T18:25:03","date_gmt":"2025-01-02T17:25:03","guid":{"rendered":"https:\/\/yaatoumarket.sn\/index.php\/cart\/"},"modified":"2025-02-04T00:30:57","modified_gmt":"2025-02-04T00:30:57","slug":"cart","status":"publish","type":"page","link":"https:\/\/senglobalbusiness.com\/index.php\/cart\/","title":{"rendered":"Panier"},"content":{"rendered":"\n<div data-block-name=\"woocommerce\/cart\" class=\"wp-block-woocommerce-cart alignwide is-loading\">\n<div data-block-name=\"woocommerce\/filled-cart-block\" class=\"wp-block-woocommerce-filled-cart-block\">\n<div data-block-name=\"woocommerce\/cart-items-block\" class=\"wp-block-woocommerce-cart-items-block\">\n<div data-block-name=\"woocommerce\/cart-line-items-block\" class=\"wp-block-woocommerce-cart-line-items-block\"><\/div>\n\n\n\n<div data-block-name=\"woocommerce\/cart-cross-sells-block\" class=\"wp-block-woocommerce-cart-cross-sells-block\">\n<h2 class=\"wp-block-heading has-large-font-size\">You may be interested in\u2026<\/h2>\n\n\n\n<div data-block-name=\"woocommerce\/cart-cross-sells-products-block\" class=\"wp-block-woocommerce-cart-cross-sells-products-block\"><\/div>\n<\/div>\n<\/div>\n\n\n\n<div data-block-name=\"woocommerce\/cart-totals-block\" class=\"wp-block-woocommerce-cart-totals-block\">\n<div data-block-name=\"woocommerce\/cart-order-summary-block\" class=\"wp-block-woocommerce-cart-order-summary-block\">\n<div data-block-name=\"woocommerce\/cart-order-summary-heading-block\" class=\"wp-block-woocommerce-cart-order-summary-heading-block\"><\/div><div data-block-name=\"woocommerce\/cart-order-summary-coupon-form-block\" class=\"wp-block-woocommerce-cart-order-summary-coupon-form-block\"><\/div><div data-block-name=\"woocommerce\/cart-order-summary-totals-block\" class=\"wp-block-woocommerce-cart-order-summary-totals-block\">\n<div data-block-name=\"woocommerce\/cart-order-summary-subtotal-block\" class=\"wp-block-woocommerce-cart-order-summary-subtotal-block\"><\/div>\n<div data-block-name=\"woocommerce\/cart-order-summary-discount-block\" class=\"wp-block-woocommerce-cart-order-summary-discount-block\"><\/div>\n<div data-block-name=\"woocommerce\/cart-order-summary-fee-block\" class=\"wp-block-woocommerce-cart-order-summary-fee-block\"><\/div>\n<div data-block-name=\"woocommerce\/cart-order-summary-shipping-block\" class=\"wp-block-woocommerce-cart-order-summary-shipping-block\"><\/div>\n<div data-block-name=\"woocommerce\/cart-order-summary-taxes-block\" class=\"wp-block-woocommerce-cart-order-summary-taxes-block\"><\/div><\/div>\n<\/div>\n\n\n\n<div data-block-name=\"woocommerce\/cart-express-payment-block\" class=\"wp-block-woocommerce-cart-express-payment-block\"><\/div>\n\n\n\n<div data-block-name=\"woocommerce\/proceed-to-checkout-block\" class=\"wp-block-woocommerce-proceed-to-checkout-block\"><\/div>\n\n\n\n<div data-block-name=\"woocommerce\/cart-accepted-payment-methods-block\" class=\"wp-block-woocommerce-cart-accepted-payment-methods-block\"><\/div>\n<\/div>\n<\/div>\n\n\n\n<div data-block-name=\"woocommerce\/empty-cart-block\" class=\"wp-block-woocommerce-empty-cart-block\">\n<h2 class=\"wp-block-heading has-text-align-center with-empty-cart-icon wc-block-cart__empty-cart__title\">Your cart is currently empty!<\/h2>\n\n\n\n<hr class=\"wp-block-separator has-alpha-channel-opacity is-style-dots\"\/>\n\n\n\n<h2 class=\"wp-block-heading has-text-align-center\">New in store<\/h2>\n\n\n<div data-block-name=\"woocommerce\/product-new\" data-columns=\"4\" data-rows=\"1\" class=\"wc-block-grid wp-block-product-new wp-block-woocommerce-product-new wc-block-product-new has-4-columns\"><ul class=\"wc-block-grid__products\"><li class=\"wc-block-grid__product\">\n\t\t\t\t<a href=\"https:\/\/senglobalbusiness.com\/index.php\/product\/repeteur-wifi-avec-camera-espion-2-dans-1-ultra-discrete-sans-fil-1080p-avec-detection-de-mouvement-et-vision-nocturne-booster-wifi-camera-espion-cachee-2\/\" class=\"wc-block-grid__product-link\">\n\t\t\t\t\t<div class=\"wc-block-grid__product-onsale\">\n\t\t\t<span aria-hidden=\"true\">Promo<\/span>\n\t\t\t<span class=\"screen-reader-text\">Produit en promotion<\/span>\n\t\t<\/div>\n\t\t\t\t\t<div class=\"wc-block-grid__product-image\"><img fetchpriority=\"high\" decoding=\"async\" width=\"600\" height=\"450\" src=\"https:\/\/senglobalbusiness.com\/wp-content\/uploads\/2026\/01\/1-2026-01-19T175102.884-600x450.jpg\" class=\"attachment-woocommerce_thumbnail size-woocommerce_thumbnail\" alt=\"R\u00e9p\u00e9teur wifi avec Cam\u00e9ra Espion - 2 dans 1 - Ultra discr\u00e8te sans fil 1080P avec D\u00e9tection de mouvement et vision nocturne - Booster wifi cam\u00e9ra espion cach\u00e9e\" \/><\/div>\n\t\t\t\t\t<div class=\"wc-block-grid__product-title\">R\u00e9p\u00e9teur wifi avec Cam\u00e9ra Espion &#8211; 2 dans 1 &#8211; Ultra discr\u00e8te sans fil 1080P avec D\u00e9tection de mouvement et vision nocturne &#8211; Booster wifi cam\u00e9ra espion cach\u00e9e<\/div>\n\t\t\t\t<\/a>\n\t\t\t\t<div class=\"wc-block-grid__product-price price\"><del aria-hidden=\"true\"><span class=\"woocommerce-Price-amount amount\">300.000&nbsp;<span class=\"woocommerce-Price-currencySymbol\">CFA<\/span><\/span><\/del> <span class=\"screen-reader-text\">Le prix initial \u00e9tait\u00a0: 300.000&nbsp;CFA.<\/span><ins aria-hidden=\"true\"><span class=\"woocommerce-Price-amount amount\">110.000&nbsp;<span class=\"woocommerce-Price-currencySymbol\">CFA<\/span><\/span><\/ins><span class=\"screen-reader-text\">Le prix actuel est\u00a0: 110.000&nbsp;CFA.<\/span><\/div>\n\t\t\t\t\n\t\t\t\t<div class=\"wp-block-button wc-block-grid__product-add-to-cart\"><a href=\"\/index.php\/wp-json\/wp\/v2\/pages\/14?add-to-cart=16176\" aria-label=\"Ajouter au panier\u00a0: &ldquo;R\u00e9p\u00e9teur wifi avec Cam\u00e9ra Espion - 2 dans 1 - Ultra discr\u00e8te sans fil 1080P avec D\u00e9tection de mouvement et vision nocturne - Booster wifi cam\u00e9ra espion cach\u00e9e&rdquo;\" data-quantity=\"1\" data-product_id=\"16176\" data-product_sku=\"\" data-price=\"110000\" rel=\"nofollow\" class=\"wp-block-button__link  add_to_cart_button ajax_add_to_cart\">Ajouter au panier<\/a><\/div>\n\t\t\t<\/li><li class=\"wc-block-grid__product\">\n\t\t\t\t<a href=\"https:\/\/senglobalbusiness.com\/index.php\/product\/lampe-anti-moustiques-avec-camera-cachee-espion-2-dans-1-hd-4k-sans-fil-camera-espion-avec-detection-de-mouvement-et-vision-nocturne\/\" class=\"wc-block-grid__product-link\">\n\t\t\t\t\t<div class=\"wc-block-grid__product-onsale\">\n\t\t\t<span aria-hidden=\"true\">Promo<\/span>\n\t\t\t<span class=\"screen-reader-text\">Produit en promotion<\/span>\n\t\t<\/div>\n\t\t\t\t\t<div class=\"wc-block-grid__product-image\"><img decoding=\"async\" width=\"600\" height=\"450\" src=\"https:\/\/senglobalbusiness.com\/wp-content\/uploads\/2026\/01\/1-2026-01-19T173128.898-600x450.jpg\" class=\"attachment-woocommerce_thumbnail size-woocommerce_thumbnail\" alt=\"Lampe anti-moustiques avec Cam\u00e9ra Cach\u00e9e Espion - 2 dans 1 - HD 4k sans fil- cam\u00e9ra espion avec d\u00e9tection de mouvement et vision nocturne\" \/><\/div>\n\t\t\t\t\t<div class=\"wc-block-grid__product-title\">Lampe anti-moustiques avec Cam\u00e9ra Cach\u00e9e Espion &#8211; 2 dans 1 &#8211; HD 4k sans fil- cam\u00e9ra espion avec d\u00e9tection de mouvement et vision nocturne<\/div>\n\t\t\t\t<\/a>\n\t\t\t\t<div class=\"wc-block-grid__product-price price\"><del aria-hidden=\"true\"><span class=\"woocommerce-Price-amount amount\">300.000&nbsp;<span class=\"woocommerce-Price-currencySymbol\">CFA<\/span><\/span><\/del> <span class=\"screen-reader-text\">Le prix initial \u00e9tait\u00a0: 300.000&nbsp;CFA.<\/span><ins aria-hidden=\"true\"><span class=\"woocommerce-Price-amount amount\">100.000&nbsp;<span class=\"woocommerce-Price-currencySymbol\">CFA<\/span><\/span><\/ins><span class=\"screen-reader-text\">Le prix actuel est\u00a0: 100.000&nbsp;CFA.<\/span><\/div>\n\t\t\t\t\n\t\t\t\t<div class=\"wp-block-button wc-block-grid__product-add-to-cart\"><a href=\"\/index.php\/wp-json\/wp\/v2\/pages\/14?add-to-cart=16169\" aria-label=\"Ajouter au panier\u00a0: &ldquo;Lampe anti-moustiques avec Cam\u00e9ra Cach\u00e9e Espion - 2 dans 1 - HD 4k sans fil- cam\u00e9ra espion avec d\u00e9tection de mouvement et vision nocturne&rdquo;\" data-quantity=\"1\" data-product_id=\"16169\" data-product_sku=\"\" data-price=\"100000\" rel=\"nofollow\" class=\"wp-block-button__link  add_to_cart_button ajax_add_to_cart\">Ajouter au panier<\/a><\/div>\n\t\t\t<\/li><li class=\"wc-block-grid__product\">\n\t\t\t\t<a href=\"https:\/\/senglobalbusiness.com\/index.php\/product\/haut-parleur-bluetooth-avec-camera-espion-cache-2-dans-1-sans-fil-1080p-avec-detection-de-mouvement-et-vision-nocturne-camera-cachee-avec-haut-parleur-espion\/\" class=\"wc-block-grid__product-link\">\n\t\t\t\t\t<div class=\"wc-block-grid__product-onsale\">\n\t\t\t<span aria-hidden=\"true\">Promo<\/span>\n\t\t\t<span class=\"screen-reader-text\">Produit en promotion<\/span>\n\t\t<\/div>\n\t\t\t\t\t<div class=\"wc-block-grid__product-image\"><img decoding=\"async\" width=\"600\" height=\"450\" src=\"https:\/\/senglobalbusiness.com\/wp-content\/uploads\/2026\/01\/1-2026-01-19T172101.608-600x450.jpg\" class=\"attachment-woocommerce_thumbnail size-woocommerce_thumbnail\" alt=\"Haut-Parleur Bluetooth avec Camera Espion cache - 2 dans 1 - sans fil 1080P avec D\u00e9tection de mouvement et vision nocturne - Cam\u00e9ra cach\u00e9e avec haut-parleur espion\" \/><\/div>\n\t\t\t\t\t<div class=\"wc-block-grid__product-title\">Haut-Parleur Bluetooth avec Camera Espion cache &#8211; 2 dans 1 &#8211; sans fil 1080P avec D\u00e9tection de mouvement et vision nocturne &#8211; Cam\u00e9ra cach\u00e9e avec haut-parleur espion<\/div>\n\t\t\t\t<\/a>\n\t\t\t\t<div class=\"wc-block-grid__product-price price\"><del aria-hidden=\"true\"><span class=\"woocommerce-Price-amount amount\">250.000&nbsp;<span class=\"woocommerce-Price-currencySymbol\">CFA<\/span><\/span><\/del> <span class=\"screen-reader-text\">Le prix initial \u00e9tait\u00a0: 250.000&nbsp;CFA.<\/span><ins aria-hidden=\"true\"><span class=\"woocommerce-Price-amount amount\">120.000&nbsp;<span class=\"woocommerce-Price-currencySymbol\">CFA<\/span><\/span><\/ins><span class=\"screen-reader-text\">Le prix actuel est\u00a0: 120.000&nbsp;CFA.<\/span><\/div>\n\t\t\t\t\n\t\t\t\t<div class=\"wp-block-button wc-block-grid__product-add-to-cart\"><a href=\"\/index.php\/wp-json\/wp\/v2\/pages\/14?add-to-cart=16160\" aria-label=\"Ajouter au panier\u00a0: &ldquo;Haut-Parleur Bluetooth avec Camera Espion cache - 2 dans 1 - sans fil 1080P avec D\u00e9tection de mouvement et vision nocturne - Cam\u00e9ra cach\u00e9e avec haut-parleur espion&rdquo;\" data-quantity=\"1\" data-product_id=\"16160\" data-product_sku=\"\" data-price=\"120000\" rel=\"nofollow\" class=\"wp-block-button__link  add_to_cart_button ajax_add_to_cart\">Ajouter au panier<\/a><\/div>\n\t\t\t<\/li><li class=\"wc-block-grid__product\">\n\t\t\t\t<a href=\"https:\/\/senglobalbusiness.com\/index.php\/product\/lunettes-de-soleil-connectees-audio-bluetooth-unisexe-compatible-avec-ios-et-android\/\" class=\"wc-block-grid__product-link\">\n\t\t\t\t\t<div class=\"wc-block-grid__product-onsale\">\n\t\t\t<span aria-hidden=\"true\">Promo<\/span>\n\t\t\t<span class=\"screen-reader-text\">Produit en promotion<\/span>\n\t\t<\/div>\n\t\t\t\t\t<div class=\"wc-block-grid__product-image\"><img loading=\"lazy\" decoding=\"async\" width=\"600\" height=\"450\" src=\"https:\/\/senglobalbusiness.com\/wp-content\/uploads\/2026\/01\/1-2026-01-19T171048.560-600x450.jpg\" class=\"attachment-woocommerce_thumbnail size-woocommerce_thumbnail\" alt=\"Lunettes de Soleil Connect\u00e9es Audio Bluetooth - Unisexe - compatible avec IOS et Android\" \/><\/div>\n\t\t\t\t\t<div class=\"wc-block-grid__product-title\">Lunettes de Soleil Connect\u00e9es Audio Bluetooth &#8211; Unisexe &#8211; compatible avec IOS et Android<\/div>\n\t\t\t\t<\/a>\n\t\t\t\t<div class=\"wc-block-grid__product-price price\"><del aria-hidden=\"true\"><span class=\"woocommerce-Price-amount amount\">30.000&nbsp;<span class=\"woocommerce-Price-currencySymbol\">CFA<\/span><\/span><\/del> <span class=\"screen-reader-text\">Le prix initial \u00e9tait\u00a0: 30.000&nbsp;CFA.<\/span><ins aria-hidden=\"true\"><span class=\"woocommerce-Price-amount amount\">15.000&nbsp;<span class=\"woocommerce-Price-currencySymbol\">CFA<\/span><\/span><\/ins><span class=\"screen-reader-text\">Le prix actuel est\u00a0: 15.000&nbsp;CFA.<\/span><\/div>\n\t\t\t\t\n\t\t\t\t<div class=\"wp-block-button wc-block-grid__product-add-to-cart\"><a href=\"\/index.php\/wp-json\/wp\/v2\/pages\/14?add-to-cart=16151\" aria-label=\"Ajouter au panier\u00a0: &ldquo;Lunettes de Soleil Connect\u00e9es Audio Bluetooth - Unisexe - compatible avec IOS et Android&rdquo;\" data-quantity=\"1\" data-product_id=\"16151\" data-product_sku=\"\" data-price=\"15000\" rel=\"nofollow\" class=\"wp-block-button__link  add_to_cart_button ajax_add_to_cart\">Ajouter au panier<\/a><\/div>\n\t\t\t<\/li><\/ul><\/div><\/div>\n<\/div>\n","protected":false},"excerpt":{"rendered":"","protected":false},"author":1,"featured_media":0,"parent":0,"menu_order":0,"comment_status":"closed","ping_status":"closed","template":"","meta":{"footnotes":""},"class_list":["post-14","page","type-page","status-publish","hentry"],"jetpack_sharing_enabled":true,"_links":{"self":[{"href":"https:\/\/senglobalbusiness.com\/index.php\/wp-json\/wp\/v2\/pages\/14","targetHints":{"allow":["GET"]}}],"collection":[{"href":"https:\/\/senglobalbusiness.com\/index.php\/wp-json\/wp\/v2\/pages"}],"about":[{"href":"https:\/\/senglobalbusiness.com\/index.php\/wp-json\/wp\/v2\/types\/page"}],"author":[{"embeddable":true,"href":"https:\/\/senglobalbusiness.com\/index.php\/wp-json\/wp\/v2\/users\/1"}],"replies":[{"embeddable":true,"href":"https:\/\/senglobalbusiness.com\/index.php\/wp-json\/wp\/v2\/comments?post=14"}],"version-history":[{"count":0,"href":"https:\/\/senglobalbusiness.com\/index.php\/wp-json\/wp\/v2\/pages\/14\/revisions"}],"wp:attachment":[{"href":"https:\/\/senglobalbusiness.com\/index.php\/wp-json\/wp\/v2\/media?parent=14"}],"curies":[{"name":"wp","href":"https:\/\/api.w.org\/{rel}","templated":true}]}}